{"id":2417,"date":"2020-06-24T09:38:01","date_gmt":"2020-06-24T07:38:01","guid":{"rendered":"https:\/\/www.poradniakreska.pl\/wp\/?post_type=product&#038;p=2417"},"modified":"2021-05-19T11:30:31","modified_gmt":"2021-05-19T09:30:31","slug":"nagrania-konferencja-jak-angazowac-uczestnikow-zajec","status":"publish","type":"product","link":"https:\/\/www.poradniakreska.pl\/wp\/produkt\/nagrania-konferencja-jak-angazowac-uczestnikow-zajec\/","title":{"rendered":"Nagrania &#8211; Konferencja Jak anga\u017cowa\u0107 uczestnik\u00f3w zaj\u0119\u0107"},"content":{"rendered":"<div class=\"o9v6fnle cxmmr5t8 oygrvhab hcukyx3x c1et5uql ii04i59q\">\n<div dir=\"auto\">Prelegentki:<\/div>\n<div dir=\"auto\"><\/div>\n<\/div>\n<div class=\"o9v6fnle cxmmr5t8 oygrvhab hcukyx3x c1et5uql ii04i59q\">\n<div dir=\"auto\"><span class=\"pq6dq46d tbxw36s4 knj5qynh kvgmc6g5 ditlmg2l oygrvhab nvdbi5me sf5mxxl7 gl3lb2sf hhz5lgdu\"><img decoding=\"async\" data-src=\"https:\/\/static.xx.fbcdn.net\/images\/emoji.php\/v9\/tac\/1\/16\/2665.png\" alt=\"&#x2665;&#xfe0f;\" width=\"16\" height=\"16\" src=\"data:image\/svg+xml;base64,PHN2ZyB3aWR0aD0iMSIgaGVpZ2h0PSIxIiB4bWxucz0iaHR0cDovL3d3dy53My5vcmcvMjAwMC9zdmciPjwvc3ZnPg==\" class=\"lazyload\" style=\"--smush-placeholder-width: 16px; --smush-placeholder-aspect-ratio: 16\/16;\" \/><\/span>Ola Chodasz<\/div>\n<div dir=\"auto\">Jest certyfikowan\u0105 trenerk\u0105 i facylitatork\u0105. Jej pasj\u0105 jest spotykanie ludzi z lud\u017ami i docieranie do potencja\u0142\u00f3w. Do prowadzonych przez siebie warsztat\u00f3w, debat i konferencji wnosi energi\u0119, ruch i rado\u015b\u0107.<\/div>\n<\/div>\n<div class=\"o9v6fnle cxmmr5t8 oygrvhab hcukyx3x c1et5uql ii04i59q\">\n<div dir=\"auto\"><span class=\"pq6dq46d tbxw36s4 knj5qynh kvgmc6g5 ditlmg2l oygrvhab nvdbi5me sf5mxxl7 gl3lb2sf hhz5lgdu\"><img decoding=\"async\" data-src=\"https:\/\/static.xx.fbcdn.net\/images\/emoji.php\/v9\/tac\/1\/16\/2665.png\" alt=\"&#x2665;&#xfe0f;\" width=\"16\" height=\"16\" src=\"data:image\/svg+xml;base64,PHN2ZyB3aWR0aD0iMSIgaGVpZ2h0PSIxIiB4bWxucz0iaHR0cDovL3d3dy53My5vcmcvMjAwMC9zdmciPjwvc3ZnPg==\" class=\"lazyload\" style=\"--smush-placeholder-width: 16px; --smush-placeholder-aspect-ratio: 16\/16;\" \/><\/span>Lidia Buksak<\/div>\n<div dir=\"auto\">Jest trenerem wyst\u0105pie\u0144 publicznych, logoped\u0105 medialnym, autork\u0105 bestsellera \u201eSzko\u0142a M\u00f3wc\u00f3w\u201d i cz\u0142onkiem Stowarzyszenia Profesjonalnych M\u00f3wc\u00f3w.<\/div>\n<\/div>\n<div class=\"o9v6fnle cxmmr5t8 oygrvhab hcukyx3x c1et5uql ii04i59q\">\n<div dir=\"auto\"><span class=\"pq6dq46d tbxw36s4 knj5qynh kvgmc6g5 ditlmg2l oygrvhab nvdbi5me sf5mxxl7 gl3lb2sf hhz5lgdu\"><img decoding=\"async\" data-src=\"https:\/\/static.xx.fbcdn.net\/images\/emoji.php\/v9\/tac\/1\/16\/2665.png\" alt=\"&#x2665;&#xfe0f;\" width=\"16\" height=\"16\" src=\"data:image\/svg+xml;base64,PHN2ZyB3aWR0aD0iMSIgaGVpZ2h0PSIxIiB4bWxucz0iaHR0cDovL3d3dy53My5vcmcvMjAwMC9zdmciPjwvc3ZnPg==\" class=\"lazyload\" style=\"--smush-placeholder-width: 16px; --smush-placeholder-aspect-ratio: 16\/16;\" \/><\/span>Dagmara Strzygocka<\/div>\n<div dir=\"auto\">Specjalista ds. rozwoju osobistego. Coach indywidualny i grupowy. Nauczycielka z d\u0142ugoletnim sta\u017cem. Felietonistka. Podr\u00f3\u017cniczka. Pasjonatka poznawania ludzi. Jako coach i nauczyciel pomaga w wyborze\/zmianie \u015bcie\u017cki \u017cyciowej i zawodowej.<\/div>\n<\/div>\n<div class=\"o9v6fnle cxmmr5t8 oygrvhab hcukyx3x c1et5uql ii04i59q\">\n<div dir=\"auto\"><span class=\"pq6dq46d tbxw36s4 knj5qynh kvgmc6g5 ditlmg2l oygrvhab nvdbi5me sf5mxxl7 gl3lb2sf hhz5lgdu\"><img decoding=\"async\" data-src=\"https:\/\/static.xx.fbcdn.net\/images\/emoji.php\/v9\/tac\/1\/16\/2665.png\" alt=\"&#x2665;&#xfe0f;\" width=\"16\" height=\"16\" src=\"data:image\/svg+xml;base64,PHN2ZyB3aWR0aD0iMSIgaGVpZ2h0PSIxIiB4bWxucz0iaHR0cDovL3d3dy53My5vcmcvMjAwMC9zdmciPjwvc3ZnPg==\" class=\"lazyload\" style=\"--smush-placeholder-width: 16px; --smush-placeholder-aspect-ratio: 16\/16;\" \/><\/span>Joanna Pstr\u0105gowska<\/div>\n<div dir=\"auto\">Jest psychologiem, pedagogiem specjalnym oraz coachem. Od lat wspiera dzieci w rozwoju umiej\u0119tno\u015bci spo\u0142ecznych. Pomaga rodzicom i nauczycielom zrozumie\u0107 \u015bwiat dziecka. Zach\u0119cam doros\u0142ych do przygl\u0105dania si\u0119 sobie i do dbania o w\u0142asne potrzeby<\/div>\n<\/div>\n<div class=\"o9v6fnle cxmmr5t8 oygrvhab hcukyx3x c1et5uql ii04i59q\">\n<div dir=\"auto\"><span class=\"pq6dq46d tbxw36s4 knj5qynh kvgmc6g5 ditlmg2l oygrvhab nvdbi5me sf5mxxl7 gl3lb2sf hhz5lgdu\"><img decoding=\"async\" data-src=\"https:\/\/static.xx.fbcdn.net\/images\/emoji.php\/v9\/tac\/1\/16\/2665.png\" alt=\"&#x2665;&#xfe0f;\" width=\"16\" height=\"16\" src=\"data:image\/svg+xml;base64,PHN2ZyB3aWR0aD0iMSIgaGVpZ2h0PSIxIiB4bWxucz0iaHR0cDovL3d3dy53My5vcmcvMjAwMC9zdmciPjwvc3ZnPg==\" class=\"lazyload\" style=\"--smush-placeholder-width: 16px; --smush-placeholder-aspect-ratio: 16\/16;\" \/><\/span>Gosia Kami\u0144ska<\/div>\n<div dir=\"auto\">Teoretyk i praktyk zarz\u0105dzania zasobami ludzkimi na poziomie zespo\u0142u i organizacji. Trener z osiemnastoletnim do\u015bwiadczeniem i konsultant w biznesie w obszarze strategicznego zarz\u0105dzania zasobami ludzkimi. Wyk\u0142adowca Wy\u017cszej Szko\u0142y Bankowej w Gda\u0144sku i Gdyni.<\/div>\n<\/div>\n<div class=\"o9v6fnle cxmmr5t8 oygrvhab hcukyx3x c1et5uql ii04i59q\">\n<div dir=\"auto\"><span class=\"pq6dq46d tbxw36s4 knj5qynh kvgmc6g5 ditlmg2l oygrvhab nvdbi5me sf5mxxl7 gl3lb2sf hhz5lgdu\"><img decoding=\"async\" data-src=\"https:\/\/static.xx.fbcdn.net\/images\/emoji.php\/v9\/tac\/1\/16\/2665.png\" alt=\"&#x2665;&#xfe0f;\" width=\"16\" height=\"16\" src=\"data:image\/svg+xml;base64,PHN2ZyB3aWR0aD0iMSIgaGVpZ2h0PSIxIiB4bWxucz0iaHR0cDovL3d3dy53My5vcmcvMjAwMC9zdmciPjwvc3ZnPg==\" class=\"lazyload\" style=\"--smush-placeholder-width: 16px; --smush-placeholder-aspect-ratio: 16\/16;\" \/><\/span> Emilia Nikoniuk<\/div>\n<div dir=\"auto\">Specjalista nowoczesnej edukacji. Na co dzie\u0144 pomaga rodzicom w planowaniu rozwoju osobistego dzieci. Pasjonuje si\u0119 poszukiwaniem nowoczesnych rozwi\u0105za\u0144 edukacyjnych i wdra\u017ceniem ich do swojej plac\u00f3wki oraz inspirowanie plac\u00f3wek o\u015bwiatowych.<\/div>\n<\/div>\n<div class=\"o9v6fnle cxmmr5t8 oygrvhab hcukyx3x c1et5uql ii04i59q\">\n<div dir=\"auto\"><span class=\"pq6dq46d tbxw36s4 knj5qynh kvgmc6g5 ditlmg2l oygrvhab nvdbi5me sf5mxxl7 gl3lb2sf hhz5lgdu\"><img decoding=\"async\" data-src=\"https:\/\/static.xx.fbcdn.net\/images\/emoji.php\/v9\/tac\/1\/16\/2665.png\" alt=\"&#x2665;&#xfe0f;\" width=\"16\" height=\"16\" src=\"data:image\/svg+xml;base64,PHN2ZyB3aWR0aD0iMSIgaGVpZ2h0PSIxIiB4bWxucz0iaHR0cDovL3d3dy53My5vcmcvMjAwMC9zdmciPjwvc3ZnPg==\" class=\"lazyload\" style=\"--smush-placeholder-width: 16px; --smush-placeholder-aspect-ratio: 16\/16;\" \/><\/span> Kinga Boru\u0144 \u200b \u00ad \u200b<\/div>\n<div dir=\"auto\">Animatorka kultury, instruktorka teatru, nauczycielka edukacji wczesnoszkolnej. Wsp\u00f3\u0142pracuje z instytucjami kultury oraz tworzy projekty teatralne. Podczas zaj\u0119\u0107 wykorzystuje to, co w dzieciach najlepsze \u2013 ruchu, ekspresji i zabawy.<\/div>\n<\/div>\n","protected":false},"excerpt":{"rendered":"<div class=\"o9v6fnle cxmmr5t8 oygrvhab hcukyx3x c1et5uql ii04i59q\">\n<div dir=\"auto\">Zaprosilam 7 prelegentek do rozm\u00f3w podczas konferencji, kt\u00f3r\u0105 zorganizowa\u0142am w czerwcu 2020.<\/div>\n<div dir=\"auto\">Znajomo\u015b\u0107 procesu grupowego jest kluczowa dla osi\u0105gni\u0119cia sukcesu edukcyjnego.<\/div>\n<\/div>\n<div class=\"o9v6fnle cxmmr5t8 oygrvhab hcukyx3x c1et5uql ii04i59q\">\n<div dir=\"auto\">Ty te\u017c mo\u017cesz skorzysta\u0107 z tej walizki pomys\u0142\u00f3w i inspiracji. Nawet je\u015bli masz kilku lub kikunastoletni sta\u017c pracy.<\/div>\n<div dir=\"auto\">Bo moje rozm\u00f3wczynie do wspania\u0142e ekspertki w swoich dziedzinach.<\/div>\n<div dir=\"auto\">Uzyskasz \u0107wiczenia, rozwi\u0105zania zar\u00f3wno do dzia\u0142a\u0144 stacjonarnych jak i dzia\u0142a\u0144 online.<\/div>\n<\/div>\n<div class=\"o9v6fnle cxmmr5t8 oygrvhab hcukyx3x c1et5uql ii04i59q\"><\/div>\n<div class=\"o9v6fnle cxmmr5t8 oygrvhab hcukyx3x c1et5uql ii04i59q\">\n<div dir=\"auto\"><\/div>\n<\/div>\n","protected":false},"featured_media":2625,"template":"","meta":{"_et_pb_use_builder":"","_et_pb_old_content":"","_et_gb_content_width":""},"product_brand":[],"product_cat":[25],"product_tag":[],"class_list":{"0":"post-2417","1":"product","2":"type-product","3":"status-publish","4":"has-post-thumbnail","6":"product_cat-webinary","8":"first","9":"instock","10":"sale","11":"downloadable","12":"virtual","13":"taxable","14":"purchasable","15":"product-type-simple"},"_links":{"self":[{"href":"https:\/\/www.poradniakreska.pl\/wp\/wp-json\/wp\/v2\/product\/2417","targetHints":{"allow":["GET"]}}],"collection":[{"href":"https:\/\/www.poradniakreska.pl\/wp\/wp-json\/wp\/v2\/product"}],"about":[{"href":"https:\/\/www.poradniakreska.pl\/wp\/wp-json\/wp\/v2\/types\/product"}],"wp:featuredmedia":[{"embeddable":true,"href":"https:\/\/www.poradniakreska.pl\/wp\/wp-json\/wp\/v2\/media\/2625"}],"wp:attachment":[{"href":"https:\/\/www.poradniakreska.pl\/wp\/wp-json\/wp\/v2\/media?parent=2417"}],"wp:term":[{"taxonomy":"product_brand","embeddable":true,"href":"https:\/\/www.poradniakreska.pl\/wp\/wp-json\/wp\/v2\/product_brand?post=2417"},{"taxonomy":"product_cat","embeddable":true,"href":"https:\/\/www.poradniakreska.pl\/wp\/wp-json\/wp\/v2\/product_cat?post=2417"},{"taxonomy":"product_tag","embeddable":true,"href":"https:\/\/www.poradniakreska.pl\/wp\/wp-json\/wp\/v2\/product_tag?post=2417"}],"curies":[{"name":"wp","href":"https:\/\/api.w.org\/{rel}","templated":true}]}}

Nagrania &#8211; Konferencja Jak angażować uczestników zajęć

<div class="o9v6fnle cxmmr5t8 oygrvhab hcukyx3x c1et5uql ii04i59q">
<div dir="auto">Prelegentki:</div>
<div dir="auto"></div>
</div>
<div class="o9v6fnle cxmmr5t8 oygrvhab hcukyx3x c1et5uql ii04i59q">
<div dir="auto"><span class="pq6dq46d tbxw36s4 knj5qynh kvgmc6g5 ditlmg2l oygrvhab nvdbi5me sf5mxxl7 gl3lb2sf hhz5lgdu"><img decoding="async" data-src="https://static.xx.fbcdn.net/images/emoji.php/v9/tac/1/16/2665.png" alt="&#x2665;&#xfe0f;" width="16" height="16" src="data:image/svg+xml;base64,PHN2ZyB3aWR0aD0iMSIgaGVpZ2h0PSIxIiB4bWxucz0iaHR0cDovL3d3dy53My5vcmcvMjAwMC9zdmciPjwvc3ZnPg==" class="lazyload" style="--smush-placeholder-width: 16px; --smush-placeholder-aspect-ratio: 16/16;" /></span>Ola Chodasz</div>
<div dir="auto">Jest certyfikowaną trenerką i facylitatorką. Jej pasją jest spotykanie ludzi z ludźmi i docieranie do potencjałów. Do prowadzonych przez siebie warsztatów, debat i konferencji wnosi energię, ruch i radość.</div>
</div>
<div class="o9v6fnle cxmmr5t8 oygrvhab hcukyx3x c1et5uql ii04i59q">
<div dir="auto"><span class="pq6dq46d tbxw36s4 knj5qynh kvgmc6g5 ditlmg2l oygrvhab nvdbi5me sf5mxxl7 gl3lb2sf hhz5lgdu"><img decoding="async" data-src="https://static.xx.fbcdn.net/images/emoji.php/v9/tac/1/16/2665.png" alt="&#x2665;&#xfe0f;" width="16" height="16" src="data:image/svg+xml;base64,PHN2ZyB3aWR0aD0iMSIgaGVpZ2h0PSIxIiB4bWxucz0iaHR0cDovL3d3dy53My5vcmcvMjAwMC9zdmciPjwvc3ZnPg==" class="lazyload" style="--smush-placeholder-width: 16px; --smush-placeholder-aspect-ratio: 16/16;" /></span>Lidia Buksak</div>
<div dir="auto">Jest trenerem wystąpień publicznych, logopedą medialnym, autorką bestsellera „Szkoła Mówców” i członkiem Stowarzyszenia Profesjonalnych Mówców.</div>
</div>
<div class="o9v6fnle cxmmr5t8 oygrvhab hcukyx3x c1et5uql ii04i59q">
<div dir="auto"><span class="pq6dq46d tbxw36s4 knj5qynh kvgmc6g5 ditlmg2l oygrvhab nvdbi5me sf5mxxl7 gl3lb2sf hhz5lgdu"><img decoding="async" data-src="https://static.xx.fbcdn.net/images/emoji.php/v9/tac/1/16/2665.png" alt="&#x2665;&#xfe0f;" width="16" height="16" src="data:image/svg+xml;base64,PHN2ZyB3aWR0aD0iMSIgaGVpZ2h0PSIxIiB4bWxucz0iaHR0cDovL3d3dy53My5vcmcvMjAwMC9zdmciPjwvc3ZnPg==" class="lazyload" style="--smush-placeholder-width: 16px; --smush-placeholder-aspect-ratio: 16/16;" /></span>Dagmara Strzygocka</div>
<div dir="auto">Specjalista ds. rozwoju osobistego. Coach indywidualny i grupowy. Nauczycielka z długoletnim stażem. Felietonistka. Podróżniczka. Pasjonatka poznawania ludzi. Jako coach i nauczyciel pomaga w wyborze/zmianie ścieżki życiowej i zawodowej.</div>
</div>
<div class="o9v6fnle cxmmr5t8 oygrvhab hcukyx3x c1et5uql ii04i59q">
<div dir="auto"><span class="pq6dq46d tbxw36s4 knj5qynh kvgmc6g5 ditlmg2l oygrvhab nvdbi5me sf5mxxl7 gl3lb2sf hhz5lgdu"><img decoding="async" data-src="https://static.xx.fbcdn.net/images/emoji.php/v9/tac/1/16/2665.png" alt="&#x2665;&#xfe0f;" width="16" height="16" src="data:image/svg+xml;base64,PHN2ZyB3aWR0aD0iMSIgaGVpZ2h0PSIxIiB4bWxucz0iaHR0cDovL3d3dy53My5vcmcvMjAwMC9zdmciPjwvc3ZnPg==" class="lazyload" style="--smush-placeholder-width: 16px; --smush-placeholder-aspect-ratio: 16/16;" /></span>Joanna Pstrągowska</div>
<div dir="auto">Jest psychologiem, pedagogiem specjalnym oraz coachem. Od lat wspiera dzieci w rozwoju umiejętności społecznych. Pomaga rodzicom i nauczycielom zrozumieć świat dziecka. Zachęcam dorosłych do przyglądania się sobie i do dbania o własne potrzeby</div>
</div>
<div class="o9v6fnle cxmmr5t8 oygrvhab hcukyx3x c1et5uql ii04i59q">
<div dir="auto"><span class="pq6dq46d tbxw36s4 knj5qynh kvgmc6g5 ditlmg2l oygrvhab nvdbi5me sf5mxxl7 gl3lb2sf hhz5lgdu"><img decoding="async" data-src="https://static.xx.fbcdn.net/images/emoji.php/v9/tac/1/16/2665.png" alt="&#x2665;&#xfe0f;" width="16" height="16" src="data:image/svg+xml;base64,PHN2ZyB3aWR0aD0iMSIgaGVpZ2h0PSIxIiB4bWxucz0iaHR0cDovL3d3dy53My5vcmcvMjAwMC9zdmciPjwvc3ZnPg==" class="lazyload" style="--smush-placeholder-width: 16px; --smush-placeholder-aspect-ratio: 16/16;" /></span>Gosia Kamińska</div>
<div dir="auto">Teoretyk i praktyk zarządzania zasobami ludzkimi na poziomie zespołu i organizacji. Trener z osiemnastoletnim doświadczeniem i konsultant w biznesie w obszarze strategicznego zarządzania zasobami ludzkimi. Wykładowca Wyższej Szkoły Bankowej w Gdańsku i Gdyni.</div>
</div>
<div class="o9v6fnle cxmmr5t8 oygrvhab hcukyx3x c1et5uql ii04i59q">
<div dir="auto"><span class="pq6dq46d tbxw36s4 knj5qynh kvgmc6g5 ditlmg2l oygrvhab nvdbi5me sf5mxxl7 gl3lb2sf hhz5lgdu"><img decoding="async" data-src="https://static.xx.fbcdn.net/images/emoji.php/v9/tac/1/16/2665.png" alt="&#x2665;&#xfe0f;" width="16" height="16" src="data:image/svg+xml;base64,PHN2ZyB3aWR0aD0iMSIgaGVpZ2h0PSIxIiB4bWxucz0iaHR0cDovL3d3dy53My5vcmcvMjAwMC9zdmciPjwvc3ZnPg==" class="lazyload" style="--smush-placeholder-width: 16px; --smush-placeholder-aspect-ratio: 16/16;" /></span> Emilia Nikoniuk</div>
<div dir="auto">Specjalista nowoczesnej edukacji. Na co dzień pomaga rodzicom w planowaniu rozwoju osobistego dzieci. Pasjonuje się poszukiwaniem nowoczesnych rozwiązań edukacyjnych i wdrażeniem ich do swojej placówki oraz inspirowanie placówek oświatowych.</div>
</div>
<div class="o9v6fnle cxmmr5t8 oygrvhab hcukyx3x c1et5uql ii04i59q">
<div dir="auto"><span class="pq6dq46d tbxw36s4 knj5qynh kvgmc6g5 ditlmg2l oygrvhab nvdbi5me sf5mxxl7 gl3lb2sf hhz5lgdu"><img decoding="async" data-src="https://static.xx.fbcdn.net/images/emoji.php/v9/tac/1/16/2665.png" alt="&#x2665;&#xfe0f;" width="16" height="16" src="data:image/svg+xml;base64,PHN2ZyB3aWR0aD0iMSIgaGVpZ2h0PSIxIiB4bWxucz0iaHR0cDovL3d3dy53My5vcmcvMjAwMC9zdmciPjwvc3ZnPg==" class="lazyload" style="--smush-placeholder-width: 16px; --smush-placeholder-aspect-ratio: 16/16;" /></span> Kinga Boruń ​ ­ ​</div>
<div dir="auto">Animatorka kultury, instruktorka teatru, nauczycielka edukacji wczesnoszkolnej. Współpracuje z instytucjami kultury oraz tworzy projekty teatralne. Podczas zajęć wykorzystuje to, co w dzieciach najlepsze – ruchu, ekspresji i zabawy.</div>
</div>

<div class="o9v6fnle cxmmr5t8 oygrvhab hcukyx3x c1et5uql ii04i59q">
<div dir="auto">Zaprosilam 7 prelegentek do rozmów podczas konferencji, którą zorganizowałam w czerwcu 2020.</div>
<div dir="auto">Znajomość procesu grupowego jest kluczowa dla osiągnięcia sukcesu edukcyjnego.</div>
</div>
<div class="o9v6fnle cxmmr5t8 oygrvhab hcukyx3x c1et5uql ii04i59q">
<div dir="auto">Ty też możesz skorzystać z tej walizki pomysłów i inspiracji. Nawet jeśli masz kilku lub kikunastoletni staż pracy.</div>
<div dir="auto">Bo moje rozmówczynie do wspaniałe ekspertki w swoich dziedzinach.</div>
<div dir="auto">Uzyskasz ćwiczenia, rozwiązania zarówno do działań stacjonarnych jak i działań online.</div>
</div>
<div class="o9v6fnle cxmmr5t8 oygrvhab hcukyx3x c1et5uql ii04i59q"></div>
<div class="o9v6fnle cxmmr5t8 oygrvhab hcukyx3x c1et5uql ii04i59q">
<div dir="auto"></div>
</div>
